- (13 + 5 + -10)) + (6 - 6).
-5
Calculate -13 - ((9 - 3) + -12 + 4).
-11
What is -5 + (-15 - 3) + 34 + -30?
-19
Evaluate 38 - (54 + -12 - 14).
10
Calculate (14 - 37) + 8 + 21.
6
Evaluate -13 - (-6 - 2) - 1 - (-12 + 3).
3
What is -8 + (0 + 7 - 1 - -8)?
6
Evaluate (29 - 41) + -11 + (2 - -5).
-16
Evaluate (10 - 13) + (4 - (6 - 13)) + -43.
-35
13 + -1 - (11 + -1 - 3)
5
-6 + (-9 + (6 - 7) - -14) + -28
-30
What is the value of (-350 - -342) + -5 + 0 + 2?
-11
Evaluate 2 + (-11 - (-8 - -20 - 12)).
-9
-9 - (6 - 9) - ((7 - 0) + -35)
22
Calculate (-1 - 10) + 8 + -14 + 6.
-11
Calculate -32 + 56 + 25 + -27.
22
Calculate (-179 - -166) + 11 + 1.
-1
(-38 - -63) + -24 + -32
-31
What is -37 - -37 - (1 + -9 + (-2 - -2))?
8
Evaluate -2 + 10 - 2 - (3 + -14 + 20).
-3
What is the value of 40 + -45 + -18 + 0 - -5?
-18
Calculate -10 - (11 + -22) - -10.
11
-11 + 17 - -2 - -1
9
Evaluate 37 - (-38 - -72) - (1 + 12).
-10
Evaluate -9 + -2 + 25 + (9 - -1).
24
8 + 1 - (229 + -228)
8
Evaluate (-1 - 15) + (69 - (161 + -84)).
-24
4 + (-2 - 0) + (12 - 1) + -13
0
What is the value of (3 + (2 - -4) - 9) + (36 - 6)?
30
Calculate -23 + (14 - -27) + 8.
26
What is (3 - 0) + 4 + (-5 - -1)?
3
Evaluate 21 - 0 - 14 - -15.
22
What is 4 + -8 - -3 - (-46 - -39)?
6
What is 1 + -15 + 1 - (12 + 0 + -10)?
-15
Evaluate -7 - (14 - 3 - 19).
1
(-5 - (-9 + -1)) + (-18 - 2)
-15
Evaluate -17 + 1 + 2 + -64 + 62.
-16
Evaluate -9 - (10 + 4 - 14).
-9
What is the value of 5 + (39 - 47 - (2 - -3)) + 4?
-4
-2 + (-45 + 10 - -6) - -16
-15
What is -2 - ((1 - -11) + (0 + 6 - 14))?
-6
(5 + (-5 - -2) + 5 - 2) + 1
6
What is the value of -1306 + 1302 - (-3 - (-1 - -1))?
-1
Calculate (4 - -45) + -49 - (0 - 35 - 1).
36
What is the value of -9 + (5 - (-14 + (15 - 8 - 7)))?
10
What is the value of 5 - (1 + 1) - 1 - (5 - -12)?
-15
What is (-1 - 41) + 33 + -12?
-21
What is the value of (32 - (59 - 10)) + 28?
11
What is the value of 5 - 3 - (0 + 6 - -2) - -14?
8
What is the value of (-15 - (11 - (8 - 15))) + 15?
-18
Calculate -1 - (21 + -36 + 6).
8
Evaluate -20 + -2 - (630 + -629).
-23
What is the value of 0 + 4 - ((-14 - -1) + 2)?
15
What is the value of 12 + -9 + -9 + (3 - -1)?
-2
What is the value of -18 - (-37 - (20 + -36))?
3
-1 + -7 - (9 + -2)
-15
What is 0 + 16 - ((-37 - -50) + -26)?
29
What is the value of 2 - (8 + 0 + (-4 - (4 + -8)))?
-6
What is (-29 - -13) + -6 + 3 - -9?
-10
18 + (-31 - -16) + (42 + -7 - 5)
33
11 - 1 - (8 - -2)
0
Evaluate (-1 - 11) + (90 - 71) + -5.
2
Calculate (-200 - -194) + 29 + 4.
27
What is -3 + 7 + -13 + -5?
-14
What is -22 + (2 - 14) + -66 + 81?
-19
What is the value of (-1 - (6 - -2 - 5)) + 2?
-2
Evaluate 13 + -28 - (0 + (2 - 2) + -8).
-7
-13 - 0 - (26 - 51)
12
What is -5 + (-6 - -7) + 19?
15
16 + (-6 - -1 - (-4 - 8 - -12))
11
What is (-7 + 11 + -12 + 7 - 3) + 2?
-2
What is the value of 20 + (38 - 12 - 30)?
16
Evaluate -51 + 41 - ((-3 - 13) + -1).
7
What is the value of (-9 - -38 - 39) + 1?
-9
Calculate 3 + (-7 - (4 + 8 + -7)) + -7.
-16
Calculate 33 + -35 + -6 + 19.
11
What is the value of -11 + 4 + (-1 - -14)?
6
What is -19 - (-32 - -9) - (-4 - (0 + 10))?
18
Evaluate -4 + (-13 - -36) + -43.
-24
What is the value of -5 + 21 + -25 - 4?
-13
Calculate (19 - 37) + 32 + -21.
-7
What is the value of -2 + 0 + 0 - (-68 - (-53 - 0))?
13
What is 10 + -71 + -37 + 74?
-24
What is the value of -11 + (34 - (24 + -14)) + -34?
-21
5 + -2 + -2 + -5
-4
Calculate -8 + (-2 + 7 - (-3 - 7)).
7
Calculate 2 + (3 - 7 - -8) + 9.
15
(-21 + 16 - (2 + 0)) + 10
3
30 + 1 + (-11 - (-4 - 3)) + 0
27
(6 - 5 - 4) + (0 + -4 - 2)
-9
What is -4 - 10 - (7 + -24)?
3
What is -25 - (-146 - -135 - (-2 + 1))?
-15
What is the value of 13 + 10 - (-62 + 103)?
-18
What is (5 - -1) + 4 + -32 + 31?
9
1 - (32 - (-9 - -16)) - -9
-15
Evaluate (-12 - (-6 + -2)) + 0.
-4
Evaluate (-5 + -4 - 5) + (8 - (6 - 5)).
-7
Calculate 31 - (-21 + 101 + -19).
-30
Evaluate 20 + 3 + -3 + (-4 - (7 + -5)).
14
What is the value of 0 - 2 - (219 - 230)?
9
Evaluate (-3 - (10 - 6) - -13) + (-1 - -3).
8
1 - 13 - (4 - 41 - -27)
-2
(1 - (2 + (-2 - 2))) + 106 + -96
13
Calculate -134 + 115 - (-24 - 4).
9
Evaluate 12 + 1 + -44 + -6 + 47.
10
(-7 - (12 - 21)) + -21
-19
Calculate (-7 + -7 - (0 - -2)) + (-50 - -56).
-10
What is 17 + 3 + (-23 - -15)?
12
Evaluate 21 + 17 + -58 - -9.
-11
What is the value of -6 + -7 + (13 - 7)?
-7
Evaluate -2 - -23 - (-23 + 51 + -24).
17
What is the value of -22 + ((-16 - -30) + -19 - (-1 - 2))?
-24
What is the value of -6 + -10 + 17 + 6 + -13 - -36?
30
-4 - 3 - (20 + 22 + -49)
0
(-2 - 6) + -17 + 27 - 5
-3
16 - (-16 + 6 + (0 - (-5 - 2)))
19
What is (1 - ((1 - 9) + 7)) + -1?
1
Evaluate (1 - 3 - (-11 - (10 + -20))) + 1.
0
Calculate -16 - -15 - ((7 - 0 - 29) + 7).
14
What is -3 - 2 - (-3 + 10 + -20)?
8
Evaluate -8 - 10 - -23 - (-3 + (2 - 1)).
7
What is the value of 2 - (1 - -5) - (-79 + 98 + -50)?
27
What is the value of 9 + (15 - 40) + 15?
-1
-3 + (-15 - (-21 - 6))
9
What is the value of 2 + -11 - (335 + -343)?
-1
Evaluate (-10 - -7) + (8 - (11 + -3) - 8).
-11
What is the value of 17 + 20 + -41 + -5?
-9
3 - 1 - ((-216 - -211) + (10 - 0))
-3
What is the value of -4 + (10 - 8) - (-14 - (0 - 1))?
11
Evaluate 39 - 4 - (27 + (-29 - -11)).
26
Calculate -11 + 9 + (0 - -3) - (59 - 63).
5
What is the value of 1 - -41 - (-77 + 93) - 16?
10
What is -4 - -4 - (0 + 12)?
-12
-6 + -11 - -1 - (-4 - -1 - 2)
-11
Calculate -25 - (-2 + (27 + -16 - -4)).
-38
6 + 11 - 14 - -2
5
What is the value of -4 - -2 - (-39 + 35)?
2
Calculate -7 - 1 - 5 - -20.
7
Evaluate -2 + -6 + (-1 - 6) + 7.
-8
(29 - (53 - 40)) + 5 + 1
22
What is the value of -28 + 53 + -25 + -3?
-3
What is the value of 5 + (-1 + 3 + -16 - -3)?
-6
Calculate 4 + 19 + 3 + -7 + (1 - 7).
13
What is (-20 + 13 - -4) + 4 + -14?
-13
Evaluate 2 - (5 + -10 - -3) - (-4 - -14).
-6
What is -7 - ((-1 - -9) + 88 + -100 + -11)?
8
What is the value of (-54 - -49) + -6 + (3 + -2 - -1)?
-9
What is (-17 - -9) + 1 + (-3 - 1)?
-11
18 - (43 + -77 + 29)
23
What is the value of -10 + (0 - (-12 + -2 + 4))?
0
Evaluate 30 + -60 - -34 - -2.
6
What is the value of (-15 - -21) + (-12 - -9 - 1)?
2
Calculate 2 + 5 + (5 - 0) + (-32 - -32).
12
24 - 23 - -29 - 47
-17
Calculate 1 + -14 + -4 - (-5 - 5).
-7
What is -6 - (6 - 9) - (-16 - -11 - 16)?
18
What is -4 + 21 + (55 - 80)?
-8
What is the value of (-12 - -39 - 34) + 0 + -13?
-20
What is -18 - (-33 - -9 - -19)?
-13
44 + 54 - 89 - (-1 + (-18 - -1))
27
Calculate -27 - (-11 - (-24 - -8) - 8).
-24
What is -10 + 2 - (-20 + 6) - -4?
10
What is -2 + -1 + -1334 + 1353?
16
(0 - (15 - 31)) + -27 + -4
-15
-1 + (1 - 6) + 80 + -72 - 7
-5
What is 121 + -116 - (2 - (-4 + 3 + 3))?
5
What is the value of 5 + -3 + 12 - 8?
6
What is (-20 + 19 - (-11 - 3)) + -20?
-7
What is the value of -11 - (-20 + 12 + -5)?
2
What is (0 - -5) + -1 - (49 + 15 + -43)?
-17
(-6 - 26 - -22 - (-3 - 0)) + 23
16
What is the value of 25 - 32 - (-15 + (1 - -2 - 5))?
10
Calculate 6 - (5 + 10 - -2).
-11
Calculate 7 - 4 - 10 - -11.
4
Calculate (3 - ((-2 - -5) + 0)) + -57 + 63.
6
What is (-1 - (-2 + 0)) + -2 + -1 - -5?
3
What is the value of (-142 - -152) + 1 + -34?
-23
What is the value of -48 + 20 + 7 + 1?
-20
What is (17 - (-5 - -13)) + (-2 - -3) + 2?
12
What is -30 - (5 - -4 - 22)?
-17
Calculate (-6 + 6 + -3 - 3) + -2 + 11.
3
0 - (1 + (0 - 5) + (-10 - -10))
4
What is the value of (-111 - -118 - (1 - 42)) + -2 + -5?
41
Calculate -196 + 202 - (38 + -3).
-29
Calculate (10 - -13) + -25 + 6.
4
7 + (-6 - 4) + -4 + 15 + -12
-4
-8 - (10 + -44 + 3 + 8)
15
Evaluate (1 - 11) + (13 - -6 - 6).
3
Calculate -15 + (21 - 4) + 3 + 8.
13
Evaluate (-12 + 12 - (0 + -2)) + 3.
5
Evaluate 7 + 8 + (-10 - -5).
10
What is the value of -1 - -13 - (48 + -47)?
11
Calculate (4 - 4) + 30 + (4 - 1) + -4.
29
Evaluate 1 + 5 + 4 - ((25 - 12) + -9).
6
(-8 - 2) + 7 + -3 + 1 + 11
6
What is 11 + (-15 - (13 + -45)) + -8?
20
What is 3 - (2 - 8) - 29?
-20
What is the value of 108 - 79 - (4 + 2 + 1)?
22
Calculate (-43 - -2) + 62 + -39.
-18
Calculate (-5 - -1) + (-12 + 11 - (-2 - -2)).
-5
Evaluate (13 - (8 + -3)) + (12 - 19) + -4.
-3
-8 + 9 + (-3 - 10)
-12
Evaluate 10 + 1 - (12 - (-15 + 8 + 16)).
8
Evaluate -26 - (-9 - (31 - 10)).
4
What is (7 - 14) + 2 + -5 + 1?
-9
What is (44 - 1) + (-339 - -293)?
-3
Evaluate -124 + 131 + (2 - (11 + 2)).
-4
Calculate -8 + 3 + (-2 - (8 + -5)).